{"id":430,"date":"2024-07-16T17:08:43","date_gmt":"2024-07-16T14:08:43","guid":{"rendered":"https:\/\/trendinguzeli.com\/ikinciel\/?post_type=product&#038;p=430"},"modified":"2024-07-16T17:08:43","modified_gmt":"2024-07-16T14:08:43","slug":"karaca-defolu-tencere-ucuz-tencere-toptan","status":"publish","type":"product","link":"https:\/\/trendinguzeli.com\/ikinciel\/urun\/karaca-defolu-tencere-ucuz-tencere-toptan\/","title":{"rendered":"Karaca defolu Tencere Ucuz tencere toptan"},"content":{"rendered":"<p><img loading=\"lazy\" decoding=\"async\" src=\"https:\/\/trendinguzeli.com\/ikinciel\/wp-content\/uploads\/2024\/07\/defolu-tencere-3.png\" alt=\"\" width=\"1012\" height=\"627\" class=\"aligncenter size-full wp-image-431\" title=\"\" srcset=\"https:\/\/trendinguzeli.com\/ikinciel\/wp-content\/uploads\/2024\/07\/defolu-tencere-3.png 1012w, https:\/\/trendinguzeli.com\/ikinciel\/wp-content\/uploads\/2024\/07\/defolu-tencere-3-300x186.png 300w, https:\/\/trendinguzeli.com\/ikinciel\/wp-content\/uploads\/2024\/07\/defolu-tencere-3-768x476.png 768w, https:\/\/trendinguzeli.com\/ikinciel\/wp-content\/uploads\/2024\/07\/defolu-tencere-3-600x372.png 600w\" sizes=\"auto, (max-width: 1012px) 100vw, 1012px\" \/><\/p>\n<p><img loading=\"lazy\" decoding=\"async\" src=\"https:\/\/trendinguzeli.com\/ikinciel\/wp-content\/uploads\/2024\/07\/defolu-tencere-1.png\" alt=\"\" width=\"1009\" height=\"629\" class=\"aligncenter size-full wp-image-432\" title=\"\" srcset=\"https:\/\/trendinguzeli.com\/ikinciel\/wp-content\/uploads\/2024\/07\/defolu-tencere-1.png 1009w, https:\/\/trendinguzeli.com\/ikinciel\/wp-content\/uploads\/2024\/07\/defolu-tencere-1-300x187.png 300w, https:\/\/trendinguzeli.com\/ikinciel\/wp-content\/uploads\/2024\/07\/defolu-tencere-1-768x479.png 768w, https:\/\/trendinguzeli.com\/ikinciel\/wp-content\/uploads\/2024\/07\/defolu-tencere-1-600x374.png 600w\" sizes=\"auto, (max-width: 1009px) 100vw, 1009px\" \/><\/p>\n<p><img loading=\"lazy\" decoding=\"async\" src=\"https:\/\/trendinguzeli.com\/ikinciel\/wp-content\/uploads\/2024\/07\/defolu-tencere-2.png\" alt=\"\" width=\"1019\" height=\"631\" class=\"aligncenter size-full wp-image-433\" title=\"\" srcset=\"https:\/\/trendinguzeli.com\/ikinciel\/wp-content\/uploads\/2024\/07\/defolu-tencere-2.png 1019w, https:\/\/trendinguzeli.com\/ikinciel\/wp-content\/uploads\/2024\/07\/defolu-tencere-2-300x186.png 300w, https:\/\/trendinguzeli.com\/ikinciel\/wp-content\/uploads\/2024\/07\/defolu-tencere-2-768x476.png 768w, https:\/\/trendinguzeli.com\/ikinciel\/wp-content\/uploads\/2024\/07\/defolu-tencere-2-600x372.png 600w\" sizes=\"auto, (max-width: 1019px) 100vw, 1019px\" \/><\/p>\n","protected":false},"excerpt":{"rendered":"<p><strong>defolu tencere Karaca defolu \u00fcr\u00fcnler nerede sat\u0131l\u0131r G\u00fclsan<\/strong> Defolu \u00fcr\u00fcnler Fiyatlar\u0131 Merhaba, Karaca ma\u011fazas\u0131ndan online olarak bir tencere seti ald\u0131m ve hediyelik Defolu Tencere Fiyatlar\u0131 Defolu Tencere tava toptan Di\u011fer marka Kad\u0131n Aksesuar Pembe renk M beden Defolu granit tencere tak\u0131m\u0131<br \/>\nKaraca defolu Tencere Ucuz tencere toptan Defolu Tencere Tava toptan istanbul Defolu Tencere Tava toptan Ankara<\/p>\n","protected":false},"featured_media":433,"template":"","meta":[],"product_brand":[],"product_cat":[33],"product_tag":[],"class_list":{"0":"post-430","1":"product","2":"type-product","3":"status-publish","4":"has-post-thumbnail","6":"product_cat-spot-defolu-esya","8":"first","9":"instock","10":"sale","11":"shipping-taxable","12":"purchasable","13":"product-type-simple"},"_links":{"self":[{"href":"https:\/\/trendinguzeli.com\/ikinciel\/wp-json\/wp\/v2\/product\/430","targetHints":{"allow":["GET"]}}],"collection":[{"href":"https:\/\/trendinguzeli.com\/ikinciel\/wp-json\/wp\/v2\/product"}],"about":[{"href":"https:\/\/trendinguzeli.com\/ikinciel\/wp-json\/wp\/v2\/types\/product"}],"wp:featuredmedia":[{"embeddable":true,"href":"https:\/\/trendinguzeli.com\/ikinciel\/wp-json\/wp\/v2\/media\/433"}],"wp:attachment":[{"href":"https:\/\/trendinguzeli.com\/ikinciel\/wp-json\/wp\/v2\/media?parent=430"}],"wp:term":[{"taxonomy":"product_brand","embeddable":true,"href":"https:\/\/trendinguzeli.com\/ikinciel\/wp-json\/wp\/v2\/product_brand?post=430"},{"taxonomy":"product_cat","embeddable":true,"href":"https:\/\/trendinguzeli.com\/ikinciel\/wp-json\/wp\/v2\/product_cat?post=430"},{"taxonomy":"product_tag","embeddable":true,"href":"https:\/\/trendinguzeli.com\/ikinciel\/wp-json\/wp\/v2\/product_tag?post=430"}],"curies":[{"name":"wp","href":"https:\/\/api.w.org\/{rel}","templated":true}]}}