{"id":475,"date":"2024-07-28T15:02:56","date_gmt":"2024-07-28T12:02:56","guid":{"rendered":"https:\/\/trendinguzeli.com\/ikinciel\/?post_type=product&#038;p=475"},"modified":"2024-07-28T15:02:56","modified_gmt":"2024-07-28T12:02:56","slug":"somine-soba-modern-hem-de-rustik-bir-hava-katmak-dokum-soba","status":"publish","type":"product","link":"https:\/\/trendinguzeli.com\/ikinciel\/urun\/somine-soba-modern-hem-de-rustik-bir-hava-katmak-dokum-soba\/","title":{"rendered":"\u015e\u00f6mine soba modern hem de rustik bir hava katmak D\u00d6K\u00dcM SOBA"},"content":{"rendered":"<p><img loading=\"lazy\" decoding=\"async\" src=\"https:\/\/trendinguzeli.com\/ikinciel\/wp-content\/uploads\/2024\/07\/ikinci-el-somine-soba-3.png\" alt=\"\" width=\"741\" height=\"632\" class=\"aligncenter size-full wp-image-476\" title=\"\" srcset=\"https:\/\/trendinguzeli.com\/ikinciel\/wp-content\/uploads\/2024\/07\/ikinci-el-somine-soba-3.png 741w, https:\/\/trendinguzeli.com\/ikinciel\/wp-content\/uploads\/2024\/07\/ikinci-el-somine-soba-3-300x256.png 300w, https:\/\/trendinguzeli.com\/ikinciel\/wp-content\/uploads\/2024\/07\/ikinci-el-somine-soba-3-600x512.png 600w\" sizes=\"auto, (max-width: 741px) 100vw, 741px\" \/><\/p>\n<p><img loading=\"lazy\" decoding=\"async\" src=\"https:\/\/trendinguzeli.com\/ikinciel\/wp-content\/uploads\/2024\/07\/ikinci-el-somine-soba-1.png\" alt=\"\" width=\"902\" height=\"621\" class=\"aligncenter size-full wp-image-477\" title=\"\" srcset=\"https:\/\/trendinguzeli.com\/ikinciel\/wp-content\/uploads\/2024\/07\/ikinci-el-somine-soba-1.png 902w, https:\/\/trendinguzeli.com\/ikinciel\/wp-content\/uploads\/2024\/07\/ikinci-el-somine-soba-1-300x207.png 300w, https:\/\/trendinguzeli.com\/ikinciel\/wp-content\/uploads\/2024\/07\/ikinci-el-somine-soba-1-768x529.png 768w, https:\/\/trendinguzeli.com\/ikinciel\/wp-content\/uploads\/2024\/07\/ikinci-el-somine-soba-1-600x413.png 600w\" sizes=\"auto, (max-width: 902px) 100vw, 902px\" \/><\/p>\n<p><img loading=\"lazy\" decoding=\"async\" src=\"https:\/\/trendinguzeli.com\/ikinciel\/wp-content\/uploads\/2024\/07\/ikinci-el-somine-soba-2.png\" alt=\"\" width=\"647\" height=\"634\" class=\"aligncenter size-full wp-image-478\" title=\"\" srcset=\"https:\/\/trendinguzeli.com\/ikinciel\/wp-content\/uploads\/2024\/07\/ikinci-el-somine-soba-2.png 647w, https:\/\/trendinguzeli.com\/ikinciel\/wp-content\/uploads\/2024\/07\/ikinci-el-somine-soba-2-300x294.png 300w, https:\/\/trendinguzeli.com\/ikinciel\/wp-content\/uploads\/2024\/07\/ikinci-el-somine-soba-2-600x588.png 600w\" sizes=\"auto, (max-width: 647px) 100vw, 647px\" \/><\/p>\n","protected":false},"excerpt":{"rendered":"<p><strong>ikinci el \u015f\u00f6mine soba<\/strong> \u0130kinci El ve S\u0131f\u0131r Al\u0131\u015fveri\u015f \u00b7 Emlak Vas\u0131ta Yedek Par\u00e7a, Aksesuar, Donan\u0131m Antika ocak, soba &amp; \u015f\u00f6mine modelleri param g\u00fcvende FAT\u0130H URAL D\u00d6K\u00dcM&#8217;den Cam \u015f\u00f6mine sobalar, ya\u015fam alanlar\u0131na hem modern hem de rustik bir hava katmak D\u00d6K\u00dcM SOBA-\u015e\u00d6M\u0130NE SOBA<\/p>\n","protected":false},"featured_media":476,"template":"","meta":[],"product_brand":[],"product_cat":[15],"product_tag":[],"class_list":{"0":"post-475","1":"product","2":"type-product","3":"status-publish","4":"has-post-thumbnail","6":"product_cat-ikinci-el-esya","8":"first","9":"instock","10":"sale","11":"shipping-taxable","12":"purchasable","13":"product-type-simple"},"_links":{"self":[{"href":"https:\/\/trendinguzeli.com\/ikinciel\/wp-json\/wp\/v2\/product\/475","targetHints":{"allow":["GET"]}}],"collection":[{"href":"https:\/\/trendinguzeli.com\/ikinciel\/wp-json\/wp\/v2\/product"}],"about":[{"href":"https:\/\/trendinguzeli.com\/ikinciel\/wp-json\/wp\/v2\/types\/product"}],"wp:featuredmedia":[{"embeddable":true,"href":"https:\/\/trendinguzeli.com\/ikinciel\/wp-json\/wp\/v2\/media\/476"}],"wp:attachment":[{"href":"https:\/\/trendinguzeli.com\/ikinciel\/wp-json\/wp\/v2\/media?parent=475"}],"wp:term":[{"taxonomy":"product_brand","embeddable":true,"href":"https:\/\/trendinguzeli.com\/ikinciel\/wp-json\/wp\/v2\/product_brand?post=475"},{"taxonomy":"product_cat","embeddable":true,"href":"https:\/\/trendinguzeli.com\/ikinciel\/wp-json\/wp\/v2\/product_cat?post=475"},{"taxonomy":"product_tag","embeddable":true,"href":"https:\/\/trendinguzeli.com\/ikinciel\/wp-json\/wp\/v2\/product_tag?post=475"}],"curies":[{"name":"wp","href":"https:\/\/api.w.org\/{rel}","templated":true}]}}