{"id":551,"date":"2025-08-12T09:18:18","date_gmt":"2025-08-12T06:18:18","guid":{"rendered":"https:\/\/trendinguzeli.com\/ikinciel\/?post_type=product&#038;p=551"},"modified":"2025-08-12T09:18:18","modified_gmt":"2025-08-12T06:18:18","slug":"5-aylik-kursun-gecirmez-saglam-celik-kapi","status":"publish","type":"product","link":"https:\/\/trendinguzeli.com\/ikinciel\/urun\/5-aylik-kursun-gecirmez-saglam-celik-kapi\/","title":{"rendered":"5 AYLIK KUR\u015eUN GE\u00c7\u0130RMEZ SA\u011eLAM \u00c7EL\u0130K KAPI"},"content":{"rendered":"<p>6 seviye \u00e7elik kap\u0131 ne demek?<br \/>\n\u00c7elik kap\u0131larda en y\u00fcksek g\u00fcvenlik seviyesi olan 6. seviye testini ba\u015far\u0131yla ge\u00e7en Kale \u00c7elik Kap\u0131lar; elektrikli matkap, elektrikli jet ta\u015f\u0131,elektrikli tilki kuyru\u011fu, levye, balyoz, \u00e7elik kama gibi aletlerle yap\u0131lan m\u00fcdahalelere kar\u015f\u0131 son derece dayan\u0131kl\u0131d\u0131r.<\/p>\n","protected":false},"excerpt":{"rendered":"<p>KUR\u015eUN GE\u00c7\u0130RMEZ SA\u011eLAM \u00c7EL\u0130K KAPI Model 769 kur\u015fun ge\u00e7irmez kap\u0131 \u00c7elik Kap\u0131-Pencere ve Giydirme Cephelerde FB1-FB7 aras\u0131 kategorilerde Kur\u015fun Ge\u00e7irmezlik y\u00fcksek g\u00fcvenlik BPSG SER\u0130S\u0130 KUR\u015eUN GE\u00c7\u0130RMEZ KAPI STANDART \u00d6ZELL\u0130KLER\u0130 ; Ge\u00e7i\u015f aral\u0131\u011f\u0131. 2000-3000 mm ; gerektiren alanlar\u0131n korumas\u0131 i\u00e7in geli\u015ftirilmi\u015ftir.<\/p>\n","protected":false},"featured_media":553,"template":"","meta":[],"product_brand":[],"product_cat":[15],"product_tag":[],"class_list":{"0":"post-551","1":"product","2":"type-product","3":"status-publish","4":"has-post-thumbnail","6":"product_cat-ikinci-el-esya","8":"first","9":"instock","10":"sale","11":"shipping-taxable","12":"purchasable","13":"product-type-simple"},"_links":{"self":[{"href":"https:\/\/trendinguzeli.com\/ikinciel\/wp-json\/wp\/v2\/product\/551","targetHints":{"allow":["GET"]}}],"collection":[{"href":"https:\/\/trendinguzeli.com\/ikinciel\/wp-json\/wp\/v2\/product"}],"about":[{"href":"https:\/\/trendinguzeli.com\/ikinciel\/wp-json\/wp\/v2\/types\/product"}],"wp:featuredmedia":[{"embeddable":true,"href":"https:\/\/trendinguzeli.com\/ikinciel\/wp-json\/wp\/v2\/media\/553"}],"wp:attachment":[{"href":"https:\/\/trendinguzeli.com\/ikinciel\/wp-json\/wp\/v2\/media?parent=551"}],"wp:term":[{"taxonomy":"product_brand","embeddable":true,"href":"https:\/\/trendinguzeli.com\/ikinciel\/wp-json\/wp\/v2\/product_brand?post=551"},{"taxonomy":"product_cat","embeddable":true,"href":"https:\/\/trendinguzeli.com\/ikinciel\/wp-json\/wp\/v2\/product_cat?post=551"},{"taxonomy":"product_tag","embeddable":true,"href":"https:\/\/trendinguzeli.com\/ikinciel\/wp-json\/wp\/v2\/product_tag?post=551"}],"curies":[{"name":"wp","href":"https:\/\/api.w.org\/{rel}","templated":true}]}}