{"id":556,"date":"2025-11-12T17:15:07","date_gmt":"2025-11-12T14:15:07","guid":{"rendered":"https:\/\/trendinguzeli.com\/ikinciel\/?post_type=product&#038;p=556"},"modified":"2025-11-12T17:15:07","modified_gmt":"2025-11-12T14:15:07","slug":"cikma-tornali-firinlanmis-emprenyeli-bag-direkler","status":"publish","type":"product","link":"https:\/\/trendinguzeli.com\/ikinciel\/urun\/cikma-tornali-firinlanmis-emprenyeli-bag-direkler\/","title":{"rendered":"\u00c7IKMA TORNALI FIRINLANMI\u015e EMPRENYEL\u0130 BA\u011e D\u0130REKLER"},"content":{"rendered":"","protected":false},"excerpt":{"rendered":"<p>S\u0130F\u0130R TORNAL\u0130 FIRINLANMI\u015e EMPRENYEL\u0130 BAG D\u0130REKLER\u0130M\u0130Z Eski telefon direkleri hangi a\u011fa\u00e7tan yap\u0131l\u0131r?<br \/>\nDemir direk tanesi ne kadar?<br \/>\nEski telefon direkleri ka\u00e7 metre?<br \/>\nA\u011fa\u00e7 direk ka\u00e7 kg?<br \/>\n \u0130NSAAT\u0130N\u0130Z\u0130N HERALAN\u0130NDA KULLANAB\u0130L\u0130RS\u0130N\u0130Z BOYLAR\u0130M\u0130Z <\/p>\n","protected":false},"featured_media":559,"template":"","meta":[],"product_brand":[],"product_cat":[32],"product_tag":[],"class_list":{"0":"post-556","1":"product","2":"type-product","3":"status-publish","4":"has-post-thumbnail","6":"product_cat-ikinci-el-mobilya","8":"first","9":"instock","10":"sale","11":"shipping-taxable","12":"purchasable","13":"product-type-simple"},"_links":{"self":[{"href":"https:\/\/trendinguzeli.com\/ikinciel\/wp-json\/wp\/v2\/product\/556","targetHints":{"allow":["GET"]}}],"collection":[{"href":"https:\/\/trendinguzeli.com\/ikinciel\/wp-json\/wp\/v2\/product"}],"about":[{"href":"https:\/\/trendinguzeli.com\/ikinciel\/wp-json\/wp\/v2\/types\/product"}],"wp:featuredmedia":[{"embeddable":true,"href":"https:\/\/trendinguzeli.com\/ikinciel\/wp-json\/wp\/v2\/media\/559"}],"wp:attachment":[{"href":"https:\/\/trendinguzeli.com\/ikinciel\/wp-json\/wp\/v2\/media?parent=556"}],"wp:term":[{"taxonomy":"product_brand","embeddable":true,"href":"https:\/\/trendinguzeli.com\/ikinciel\/wp-json\/wp\/v2\/product_brand?post=556"},{"taxonomy":"product_cat","embeddable":true,"href":"https:\/\/trendinguzeli.com\/ikinciel\/wp-json\/wp\/v2\/product_cat?post=556"},{"taxonomy":"product_tag","embeddable":true,"href":"https:\/\/trendinguzeli.com\/ikinciel\/wp-json\/wp\/v2\/product_tag?post=556"}],"curies":[{"name":"wp","href":"https:\/\/api.w.org\/{rel}","templated":true}]}}