{"id":561,"date":"2025-12-12T08:50:16","date_gmt":"2025-12-12T05:50:16","guid":{"rendered":"https:\/\/trendinguzeli.com\/ikinciel\/?post_type=product&#038;p=561"},"modified":"2025-12-12T08:50:16","modified_gmt":"2025-12-12T05:50:16","slug":"renault-clio-ikinci-el-sag-sol-on-far-sifir-gibi-yeni-far","status":"publish","type":"product","link":"https:\/\/trendinguzeli.com\/ikinciel\/urun\/renault-clio-ikinci-el-sag-sol-on-far-sifir-gibi-yeni-far\/","title":{"rendered":"Renault Clio ikinci el sa\u011f sol \u00f6n far s\u0131f\u0131r gibi yeni far"},"content":{"rendered":"<p><img loading=\"lazy\" decoding=\"async\" src=\"https:\/\/trendinguzeli.com\/ikinciel\/wp-content\/uploads\/2025\/12\/Renault-Clio-ikinci-el-on-far-1.png\" alt=\"\" width=\"1418\" height=\"906\" class=\"aligncenter size-full wp-image-563\" title=\"\" srcset=\"https:\/\/trendinguzeli.com\/ikinciel\/wp-content\/uploads\/2025\/12\/Renault-Clio-ikinci-el-on-far-1.png 1418w, https:\/\/trendinguzeli.com\/ikinciel\/wp-content\/uploads\/2025\/12\/Renault-Clio-ikinci-el-on-far-1-300x192.png 300w, https:\/\/trendinguzeli.com\/ikinciel\/wp-content\/uploads\/2025\/12\/Renault-Clio-ikinci-el-on-far-1-1024x654.png 1024w, https:\/\/trendinguzeli.com\/ikinciel\/wp-content\/uploads\/2025\/12\/Renault-Clio-ikinci-el-on-far-1-768x491.png 768w, https:\/\/trendinguzeli.com\/ikinciel\/wp-content\/uploads\/2025\/12\/Renault-Clio-ikinci-el-on-far-1-600x383.png 600w\" sizes=\"auto, (max-width: 1418px) 100vw, 1418px\" \/><\/p>\n","protected":false},"excerpt":{"rendered":"<p>Renault Clio ikinci el \u00f6n far 2009-2012 RENAULT CL\u0130O 3 HB SOL FAR. Ankara\/ Ostim. Fiyat: Clio 2 orijinal \u00f6n far tak\u0131m. 3.500 TL. Clio 2 orijinal \u00f6n far tak\u0131m de ikinci el e\u015fya alAraba far\u0131 de\u011fi\u015ftirme ka\u00e7 TL?<br \/>\nRenault Clio&#8217;nun en \u00e7ok tutulan modeli hangisi?<br \/>\n2008 Clio fiyatlar\u0131 ne kadar?<br \/>\nRenault Clio motor \u00f6mr\u00fc ne kadard\u0131r?<\/p>\n","protected":false},"featured_media":562,"template":"","meta":[],"product_brand":[],"product_cat":[15],"product_tag":[],"class_list":{"0":"post-561","1":"product","2":"type-product","3":"status-publish","4":"has-post-thumbnail","6":"product_cat-ikinci-el-esya","8":"first","9":"instock","10":"sale","11":"shipping-taxable","12":"purchasable","13":"product-type-simple"},"_links":{"self":[{"href":"https:\/\/trendinguzeli.com\/ikinciel\/wp-json\/wp\/v2\/product\/561","targetHints":{"allow":["GET"]}}],"collection":[{"href":"https:\/\/trendinguzeli.com\/ikinciel\/wp-json\/wp\/v2\/product"}],"about":[{"href":"https:\/\/trendinguzeli.com\/ikinciel\/wp-json\/wp\/v2\/types\/product"}],"wp:featuredmedia":[{"embeddable":true,"href":"https:\/\/trendinguzeli.com\/ikinciel\/wp-json\/wp\/v2\/media\/562"}],"wp:attachment":[{"href":"https:\/\/trendinguzeli.com\/ikinciel\/wp-json\/wp\/v2\/media?parent=561"}],"wp:term":[{"taxonomy":"product_brand","embeddable":true,"href":"https:\/\/trendinguzeli.com\/ikinciel\/wp-json\/wp\/v2\/product_brand?post=561"},{"taxonomy":"product_cat","embeddable":true,"href":"https:\/\/trendinguzeli.com\/ikinciel\/wp-json\/wp\/v2\/product_cat?post=561"},{"taxonomy":"product_tag","embeddable":true,"href":"https:\/\/trendinguzeli.com\/ikinciel\/wp-json\/wp\/v2\/product_tag?post=561"}],"curies":[{"name":"wp","href":"https:\/\/api.w.org\/{rel}","templated":true}]}}

Renault Clio ikinci el sağ sol ön far sıfır gibi yeni far

<p>Renault Clio ikinci el ön far 2009-2012 RENAULT CLİO 3 HB SOL FAR. Ankara/ Ostim. Fiyat: Clio 2 orijinal ön far takım. 3.500 TL. Clio 2 orijinal ön far takım de ikinci el eşya alAraba farı değiştirme kaç TL?<br />
Renault Clio&#8217;nun en çok tutulan modeli hangisi?<br />
2008 Clio fiyatları ne kadar?<br />
Renault Clio motor ömrü ne kadardır?</p>
