{"id":572,"date":"2026-01-01T09:20:05","date_gmt":"2026-01-01T06:20:05","guid":{"rendered":"https:\/\/trendinguzeli.com\/ikinciel\/?post_type=product&#038;p=572"},"modified":"2026-01-01T09:20:05","modified_gmt":"2026-01-01T06:20:05","slug":"ikea-salon-koltuk-takimi-iyi-durumda-saglam-ve-ucuz","status":"publish","type":"product","link":"https:\/\/trendinguzeli.com\/ikinciel\/urun\/ikea-salon-koltuk-takimi-iyi-durumda-saglam-ve-ucuz\/","title":{"rendered":"\u0130kea Salon Koltuk Tak\u0131m\u0131 iyi durumda sa\u011flam ve ucuz"},"content":{"rendered":"<p><img loading=\"lazy\" decoding=\"async\" src=\"https:\/\/trendinguzeli.com\/ikinciel\/wp-content\/uploads\/2026\/01\/Ikea-Salon-Koltuk-Takimi-iyi-durumda-3.png\" alt=\"\" width=\"1156\" height=\"858\" class=\"aligncenter size-full wp-image-575\" title=\"\" srcset=\"https:\/\/trendinguzeli.com\/ikinciel\/wp-content\/uploads\/2026\/01\/Ikea-Salon-Koltuk-Takimi-iyi-durumda-3.png 1156w, https:\/\/trendinguzeli.com\/ikinciel\/wp-content\/uploads\/2026\/01\/Ikea-Salon-Koltuk-Takimi-iyi-durumda-3-300x223.png 300w, https:\/\/trendinguzeli.com\/ikinciel\/wp-content\/uploads\/2026\/01\/Ikea-Salon-Koltuk-Takimi-iyi-durumda-3-1024x760.png 1024w, https:\/\/trendinguzeli.com\/ikinciel\/wp-content\/uploads\/2026\/01\/Ikea-Salon-Koltuk-Takimi-iyi-durumda-3-768x570.png 768w, https:\/\/trendinguzeli.com\/ikinciel\/wp-content\/uploads\/2026\/01\/Ikea-Salon-Koltuk-Takimi-iyi-durumda-3-160x120.png 160w, https:\/\/trendinguzeli.com\/ikinciel\/wp-content\/uploads\/2026\/01\/Ikea-Salon-Koltuk-Takimi-iyi-durumda-3-600x445.png 600w\" sizes=\"auto, (max-width: 1156px) 100vw, 1156px\" \/><\/p>\n","protected":false},"excerpt":{"rendered":"<p>\u0130kea Salon Koltuk Tak\u0131m\u0131 iyi durumda sa\u011flam ve ucuz \u0130kea marka antrasit renk, istenirse b\u00f6l\u00fcnebilir biz uzun kulland\u0131k.. <\/p>\n<p>Resimlerde de g\u00f6rece\u011finiz gibi koltuk ve s\u0131rt yast\u0131k k\u0131s\u0131mlar\u0131 b\u00f6l\u00fcm b\u00f6l\u00fcm.. Fermuarl\u0131 kuma\u015f\u0131 dolay\u0131\u0131yla y\u0131kananilir pratiklikte.. Boyu: 4 metre.. ( belirtti\u011fim gibi b\u00f6l\u00fcnebiliyor) Biz salonunuza g\u00f6re bu \u015fekilde kullanmay\u0131 tercih ettik.<\/p>\n","protected":false},"featured_media":573,"template":"","meta":[],"product_brand":[],"product_cat":[32],"product_tag":[36],"class_list":{"0":"post-572","1":"product","2":"type-product","3":"status-publish","4":"has-post-thumbnail","6":"product_cat-ikinci-el-mobilya","7":"product_tag-ikinci-el-koltuk-kanepe","9":"first","10":"instock","11":"sale","12":"shipping-taxable","13":"purchasable","14":"product-type-simple"},"_links":{"self":[{"href":"https:\/\/trendinguzeli.com\/ikinciel\/wp-json\/wp\/v2\/product\/572","targetHints":{"allow":["GET"]}}],"collection":[{"href":"https:\/\/trendinguzeli.com\/ikinciel\/wp-json\/wp\/v2\/product"}],"about":[{"href":"https:\/\/trendinguzeli.com\/ikinciel\/wp-json\/wp\/v2\/types\/product"}],"wp:featuredmedia":[{"embeddable":true,"href":"https:\/\/trendinguzeli.com\/ikinciel\/wp-json\/wp\/v2\/media\/573"}],"wp:attachment":[{"href":"https:\/\/trendinguzeli.com\/ikinciel\/wp-json\/wp\/v2\/media?parent=572"}],"wp:term":[{"taxonomy":"product_brand","embeddable":true,"href":"https:\/\/trendinguzeli.com\/ikinciel\/wp-json\/wp\/v2\/product_brand?post=572"},{"taxonomy":"product_cat","embeddable":true,"href":"https:\/\/trendinguzeli.com\/ikinciel\/wp-json\/wp\/v2\/product_cat?post=572"},{"taxonomy":"product_tag","embeddable":true,"href":"https:\/\/trendinguzeli.com\/ikinciel\/wp-json\/wp\/v2\/product_tag?post=572"}],"curies":[{"name":"wp","href":"https:\/\/api.w.org\/{rel}","templated":true}]}}

İkea Salon Koltuk Takımı iyi durumda sağlam ve ucuz

<p>İkea Salon Koltuk Takımı iyi durumda sağlam ve ucuz İkea marka antrasit renk, istenirse bölünebilir biz uzun kullandık.. </p>
<p>Resimlerde de göreceğiniz gibi koltuk ve sırt yastık kısımları bölüm bölüm.. Fermuarlı kumaşı dolayııyla yıkananilir pratiklikte.. Boyu: 4 metre.. ( belirttiğim gibi bölünebiliyor) Biz salonunuza göre bu şekilde kullanmayı tercih ettik.</p>
